 -17*f - 7. Let n = -12 - -18. Let x be (n - 16) + 2 + 2. Let c(v) = -8*v - 3. Let d(u) = x*g(u) + 13*c(u). What is d(3)?
-3
Let h be 7/1 + (-312)/24. Let d(f) = -2*f - 13. Calculate d(h).
-1
Let o(b) be the first derivative of -4*b - 4/3*b**3 + 3/2*b**2 + 2 - 1/4*b**4. Calculate o(-3).
-22
Let h(i) = 11*i**2 + 10*i + 6. Let w(l) = -3*l**2 - l + 1. Let t(y) = h(y) + 3*w(y). Give t(-5).
24
Let b = 46 - 43. Let d(z) = -z**2 + 7. Let h be d(b). Let l(s) = 1 - s**2 - 4*s + 5*s + 0. What is l(h)?
-5
Suppose g + 13 = -24*v + 20*v, -3*g + 3*v = -6. Let k be ((-6)/5)/((-2)/10). Let o(p) = p - 4*p - 1 + k*p. Give o(g).
-4
Let z(l) be the third derivative of l**4/8 - 5*l**3/3 + 107*l**2. What is z(6)?
8
Let y(p) = -p**3 - 5*p**2 + 6*p + 3. Suppose -u - 4*j - 32 = 0, 0 = 2*j + 3*j + 5. Let f = u - -22. Determine y(f).
3
Let f(m) be the second derivative of m**4/12 + m**3 - 258*m. Calculate f(-6).
0
Let u(s) = -12*s**2 - 8*s. Let r(g) = -9*g**2 - 5*g. Let b(k) = -3*r(k) + 2*u(k). Let n be 1 + 2 + (-6)/3. Determine b(n).
2
Let l(b) = b**3 - 4*b**2 + 2*b + 1. Suppose -5*v = -4*y - 30, 5*v - 6*y = -4*y + 20. Give l(v).
-3
Let p(n) = 4*n - 21. Let q(a) = -a**2 - 12*a - 30. Let y be q(-6). Calculate p(y).
3
Let d be ((-91)/21 - 1)/((-6)/(-9)). Let x(t) = -t**2 - 11*t - 17. Calculate x(d).
7
Let o(c) = 5*c**3 + 3*c**2 + 2*c. Let j(r) = 12*r**3 + 5*r**2 + 4*r + 1. Let k(q) = 2*j(q) - 5*o(q). Let g be (8/6)/(2/(-3)). Determine k(g).
-6
Suppose 0 = r - 1, 3*q + q + 45 = -3*r. Let c(u) = -u - 16. What is c(q)?
-4
Let d(o) be the second derivative of -o**3/6 - 4*o**2 - o. Suppose -28 = 6*a - 2*a. Let r be d(a). Let f(b) = 5*b**2 - 2*b - 1. Determine f(r).
6
Let a(x) be the first derivative of 3/2*x**2 + 3*x + 1/3*x**3 - 8. What is a(-4)?
7
Let c(z) = 5*z - 6. Let s = -17 + 21. Let l(a) = -a + a - a + 0. Let r(w) = s*l(w) + c(w). Calculate r(6).
0
Let v be (-4)/((14/(-56))/((-2)/(-8))). Let b(h) be the third derivative of 0*h - h**3 + 0 + 1/24*h**v + 5*h**2. Give b(6).
0
Let f(o) = -o**2 + 6*o + 2. Let r(j) = j - 11. Let b(h) = -2*h + 22. Let p(q) = 2*b(q) + 5*r(q). Let y be p(16). Determine f(y).
7
Let s(k) = 3 - 9*k + 1 - 3. Let u(r) = r. Let g(n) = s(n) + 3*u(n). What is g(-1)?
7
Let g(u) be the first derivative of -u**2 - 3*u - 17. Suppose 6 = a - 0. Suppose -4*j = a + 2. Determine g(j).
1
Let t(q) = 76*q**3 + 70*q**3 - q + q**2 - 147*q**3 + 1. Suppose 3*k + 5*h = -3 + 1, 5*k - h - 6 = 0. Give t(k).
0
Let w(n) = n + 13. Let v be (1 - 5)/(19 + -17). Calculate w(v).
11
Let p(a) = -8*a + 24*a**2 - 5 + 30*a**2 - 79*a**2 + 26*a**2 - 3*a. Determine p(11).
-5
Let p(b) be the second derivative of -b**5/20 + 7*b**4/12 + b**3/6 + 2*b**2 - 8*b - 5. What is p(7)?
11
Suppose -20*h - 12 + 72 = 0. Let m(s) = s**3 - 2*s**2 - 3*s - 3. Determine m(h).
-3
Let b(y) be the second derivative of -y**4/6 + y**3 - 3*y**2 + 84*y. What is b(4)?
-14
Let i(v) = -v**2 - 5*v + 14. Suppose 2*g - 4 = 4*c, -5*c + 4*c - 16 = 2*g. Give i(g).
8
Let l(a) = a + a - 2*a - 2*a + 3. Let c = -30 + 34. Suppose -c*y + 14 = -2. Determine l(y).
-5
Let f(v) = 11*v**3 - v**2 + 2*v + 35. Let r(q) = -2*q**3 - q**2 - 6. Let c(m) = -f(m) - 6*r(m). Calculate c(-7).
15
Let o be (-10)/4 + 28/(1064/57). Let d(y) = -y**2 + 2*y - 3. Let q(w) = -2*w**2 + 3*w - 5. Let u(p) = -5*d(p) + 3*q(p). Give u(o).
0
Let d be 3/(-18)*4*3. Let m be 3/(-6)*2*d. Suppose 5 = q + j, m*q + 0*j - 7 = j. Let x(c) = 2*c - 5. Calculate x(q).
3
Let w(r) = -5*r**2 - 19*r + 11. Let i(x) = -x**2 - 4*x + 2. Let f(k) = -11*i(k) + 2*w(k). Give f(-5).
-5
Let k(m) be the second derivative of m**5/30 + 5*m**3/6 + 6*m. Let l(z) be the second derivative of k(z). Give l(2).
8
Let q(t) = 7*t + 2. Let w(z) = -8*z - 3. Let d(i) = 6*q(i) + 5*w(i). Determine d(3).
3
Suppose m - 4*m - 19 = -a, a = m + 9. Let h(t) = -20*t + t**2 - 9*t + 4*t**2 + 1 - 4*t**2 + 28*t. Give h(a).
13
Let u(i) = i - 15. Suppose 4*h - 16 = -3*f - 2*f, 4*f + 12 = 3*h. Give u(f).
-15
Let z(p) = -p. Let y(w) = -3*w + 1. Let f(s) = -y(s) - 2*z(s). Let j(t) = -t. Let x(h) = 2*f(h) + 9*j(h). Determine x(3).
1
Let y(r) = 0*r + 8*r + 4 - 4*r + 4. Calculate y(-7).
-20
Let r be -11*15/(-24) - 2/(-16). Let z(x) be the second derivative of 0 - r*x - 1/2*x**2 - 1/3*x**3 + 1/4*x**4. What is z(-1)?
4
Let j be 14/6 - (-4)/(-12). Let i = -10 + 16. Let r(s) = -7*s + 1. Let g(v) = -6*v + 1. Let m(n) = i*g(n) - 5*r(n). Give m(j).
-1
Let d(q) = q**3 - 12*q**2 + 12*q - 16. Let m be d(11). Let g(w) = 4*w - 5. Calculate g(m).
-25
Let t(i) = 8*i - 3. Let j(x) = 4*x - 1. Let c(b) = 9*j(b) - 4*t(b). Let n be -3 - (6/(-2) + 0). Let a = -3 - n. Give c(a).
-9
Let j(q) = 546*q**3 + 554*q**3 - 7 + q - 1101*q**3 + 5*q**2 + 4*q. What is j(5)?
18
Let i(y) = -y**2 - 5*y - 6. Suppose -34*c + 33*c + g - 9 = 0, 2*c + 3*g + 3 = 0. What is i(c)?
-12
Let l(q) = 2*q**2 - 4*q - 2. Let z(i) = 4*i. Let x(c) = -c**3 - 3*c**2 - 2. Let n be x(-2). Let j = 7 + n. Let o be z(j). Calculate l(o).
14
Let v(i) = 452*i**2 + 7*i - i + 0*i**3 - i**3 - 449*i**2 - 6. What is v(4)?
2
Let f = 4 - 8. Let m(v) be the first derivative of v**3/3 + 2*v**2 - 2*v - 1700. Determine m(f).
-2
Let x = 203 - 205. Let f(j) = 6*j**2 - 2. Determine f(x).
22
Suppose -3*k + j + 11 = 0, j = 3*k - j - 10. Let t(y) = -2*y + 1 + 3*y**2 - 4*y**2 - k - 4*y. Calculate t(-3).
6
Let i(f) = -f**3 + 5*f**2 + f - 5. Let m(n) = -n + 9. Let q be m(0). Suppose 0*s + 4*v = s - q, 3*s - 12 = -3*v. Calculate i(s).
0
Let s(f) = 0 + f - f + 4*f - 3 + 4 - f**3 + 3*f**2. What is s(4)?
1
Let c = -37 + 39. Let z(p) = 3*p - 7*p - 8 + p + p**c - 3*p. Give z(7).
-1
Let k(h) = -3*h - 6. Let d be k(-4). Let s(t) = -14*t - 12. Let c(q) = 33*q + 27. Let z(x) = -3*c(x) - 7*s(x). Give z(d).
-3
Let r(g) = g**3 + 29*g**2 + g + 27. Let z be r(-29). Let j(o) = 3*o**3 + 2*o**2 + 2*o + 4. Determine j(z).
-16
Let v(p) = -3*p - 35. Let u be v(-13). Let t(q) = q**3 - 4*q**2 + 5. Calculate t(u).
5
Let m be (1 + 0 + -13)*4/(-8). Let n(o) = m*o**2 - o - 8 - o**3 - 12*o**2 + 5*o**2. Calculate n(0).
-8
Let r(y) = -3*y**2 - 4*y - 3. Let w be ((-12)/(-9) - 2)*(1 - -2). What is r(w)?
-7
Suppose 14*o + 94 - 10 = 42. Let r(i) = -3*i**2 + 3 + 3*i - i - 3*i. Calculate r(o).
-21
Suppose -25 - 29 = -6*c. Let q(z) = z**2 - 7*z + 17. Let y(b) = -b**2 + 8*b - 16. Let g(u) = -3*q(u) - 4*y(u). Give g(c).
-5
Let p(u) = -u**3 - 5*u**2 - 5*u + 4. Let m(h) = -14*h - 74. Let n be m(-5). What is p(n)?
8
Let r(c) = c - 8. Let s be (-5)/3*((-756)/35)/6. Determine r(s).
-2
Let s(f) = f**3 + 6*f**2 - 10*f + 1. Let p be 180/(-36) - (-3)/1 - 5. Calculate s(p).
22
Let b(w) = w**3 - 14*w**2 + 11*w + 28. Let q be b(13). Suppose 4*h + 2 = q*h. Let z(i) = 0*i + 3*i**2 + i - 8*i**2. What is z(h)?
-6
Let j(g) = g + 4. Let x be ((-13)/(-26))/(2/(-8)). Let p be -1 - -3 - (x + 3). Let t be p*0/(-1 - 0). Determine j(t).
4
Let r be 50/12*2*36/30. Let w(a) = a**3 - 11*a**2 + 12*a - 11. Determine w(r).
9
Let z(r) = -5*r + 4*r - 1 + 2. Let d be (-5)/25 + 8/(-10). Let f be ((-39)/9 - -4)/(d/(-15)). What is z(f)?
6
Let z(x) be the second derivative of x**5/30 - x**4/8 + x**3/2 - x. Let k(i) be the second derivative of z(i). Let c be k(2). Let n(d) = 2*d. Determine n(c).
10
Suppose -2 - 10 = -4*x. Suppose -i + 2 = -x*i, -3*r + 3*i = -18. Let c(q) = -q**2 + 3*q + 3. Determine c(r).
-7
Let x be -9 + 1 - 551/(-29). Let y(n) = n - 15. Determine y(x).
-4
Let z be (14/8)/(2/16). Suppose z*k = 10*k - 28. Let y(s) = -s. Determine y(k).
7
Suppose k - n + 280 = 6*k, -5*k - 4*n = -280. Suppose -3*r + 47 = k. Let b(v) = -v**2 - 4*v - 1. Determine b(r).
2
Let u(i) = -7*i - 2. Let b = -128 + 131. Let h be 7 - 6 - (2 - b)*-3. Calculate u(h).
12
Let s(g) = g**2 - 2*g + 1. Suppose -11 - 19 = -6*b. Suppose 0*y = b*y + 10. Give s(y).
9
Let x(p) = -p**2 + 9*p - 16. Let r be x(7). Let b(f) = 7*f + 12. Let g be b(r). Let v(o) = o**3 + 2*o**2 + 3*o + 3. What is v(g)?
-3
Let f(k) = k**2 - 273 - k + 0*k - 273 + 532. Suppose -19 = -4*b + 5. Suppose b*n = 2*n. Give f(n).
-14
Let m(p) = -48*p + 52*p - 2*p + 29. Calculate m(0).
29
Let o(g) = -25 - g + 29 + 4. Give o(4).
4
Let x(c) = -c**3 - 8*c**2 - 8*c - 8. Let q = -214 - -207. Calculate x(q).
-1
Suppose -5 = -4*h + 19. Let n(t) = 3 + 16*t + t**3 + 5*t - 2*t**2 - 5*t**2 - 14*t - 1. Give n(h).
8
Let b(h) = -8*h**2 + h. Let c(p) 